nd 6.
6
Suppose -5*c + 99 = -51. Calculate the highest common divisor of c and 75.
15
Suppose q + 88 = 3*p, q = p + 3*q - 27. Calculate the highest common factor of 116 and p.
29
Let i = 1 - -18. Let s be (1 - i)*5/(-2). Let h be (-30)/(-4)*(0 - -2). What is the greatest common divisor of s and h?
15
Suppose -5 = c - 3*w - w, 4*c = 3*w - 46. Let o = c - -18. Calculate the greatest common factor of o and 20.
5
Suppose j - 3*f - 2 = -4*f, -2*f = -2*j + 16. Suppose -7*p + 2*p + 55 = 3*q, -q + 45 = -5*p. What is the highest common factor of j and q?
5
Suppose -2*w = -s + 19, -4*s + 74 = s - 3*w. Calculate the highest common divisor of s and 26.
13
Let y be (-4 + 0)*(-15 - -10). Calculate the highest common factor of 30 and y.
10
Let v(z) = -3*z - 10. Let g be v(-6). What is the greatest common factor of g and 40?
8
Let g be 1/(-2) - (-56)/16. Suppose -g*c + 4 = 4*h, 0*h = -c + h + 13. What is the highest common factor of 32 and c?
8
Let l(t) = -4*t**3 - 2*t**2 - t. Let u be l(-1). Suppose 3*r = -4*c + 8, -2*r + u*c + 1 = -10. What is the greatest common divisor of 28 and r?
4
Let z = -51 + 73. What is the highest common factor of 176 and z?
22
Suppose -5*x - 2*z - 23 = 0, -4*z - 8 = -2*z. Let d be 10/(3*x/(-18)). Let v be (22/5)/(2/d). Calculate the highest common divisor of 4 and v.
4
Suppose -2*g - 3*t = 2*t - 5, -2*t = 3*g - 35. Calculate the greatest common divisor of g and 60.
15
Let c(f) = -2*f**2 + 2*f - 5. Let s(n) = -n**2 - n - 1. Let r(x) = -c(x) + s(x). Let h be r(7). What is the greatest common factor of 80 and h?
16
Let w(i) = 7*i + 2 + i**2 + 2 - i. Let q be w(-6). Let r(u) = 11*u + 1. Let b be r(1). Calculate the greatest common factor of b and q.
4
Suppose -19 - 77 = -4*j. Let z(y) = -3*y - 3. Let l(k) = k**3 + k**2 - 1. Let m be l(-2). Let q be z(m). Calculate the greatest common factor of q and j.
12
Let s(h) = -h**2 + 3*h + 4. Let u be s(3). Let c be 2 - (0 - (22 - u)). What is the greatest common divisor of 100 and c?
20
Suppose 0 = b + 6*k - k + 7, -3*b + 4*k + 74 = 0. Let o be (b/(-15))/((-4)/10). What is the greatest common factor of o and 6?
3
Let m be 1*(8 + -1 + 2). What is the greatest common factor of 63 and m?
9
Suppose -25 - 16 = 4*t + 5*q, 5*t + 35 = -3*q. Let x be ((-143)/26)/(1/t). Let h = 9 - -2. What is the greatest common divisor of h and x?
11
Let o be ((-405)/(-18))/(2/4). Calculate the highest common divisor of o and 30.
15
Let x(n) = -n + 6. Let y be x(2). Let r be 4 + -2*1 + 34. Calculate the highest common factor of r and y.
4
Let r be (4/(-6))/((-10)/255). Suppose -g = -r - 28. What is the highest common factor of g and 9?
9
Let w(b) = b + 6. Let o be w(-5). Let i = -15 + 16. What is the highest common divisor of o and i?
1
Let y(x) = 10*x**2 - x. Let w be y(3). Let z be w/(-3)*(0 + 1). Let g = z + 45. Calculate the greatest common factor of g and 40.
8
Let w be (-588)/(-16) + 6/(-8). Suppose 0*x - 3*t - 27 = -x, -2*x + 3*t + 51 = 0. What is the greatest common divisor of x and w?
12
Let t(f) = -f + 4. Let m be t(4). Suppose -x + 3*s = 2*x - 495, 4*x - 3*s - 657 = m. Let d = 12 + 6. What is the greatest common divisor of d and x?
18
Suppose -4*j + 134 + 14 = 0. Suppose -g + j = -x, -2*x = 3*g - 3*x - 109. What is the greatest common divisor of 54 and g?
18
Suppose -5*z + 110 = -50. What is the highest common divisor of 8 and z?
8
Suppose -2*j + 6*j = 84. Let w = -88 + j. Let l = -40 - w. What is the highest common divisor of l and 9?
9
Suppose k = -4*z + 3 + 8, -2*k - 2*z + 28 = 0. Calculate the greatest common factor of k and 3.
3
Let i = 14 - -2. Let z be (-3 - (3 + -14)) + 3. Suppose -v - v - z = -5*p, -v + 17 = 5*p. What is the highest common divisor of v and i?
2
Let k(x) = 35*x - 5. Let h be 18/5 - 6/(-15). Let z be k(h). Calculate the greatest common divisor of z and 15.
15
Let p be 2/(-6) - (-244)/12. Calculate the greatest common factor of 2 and p.
2
Suppose -2*b = q - 39, -5*q + 192 + 28 = 5*b. Calculate the greatest common divisor of q and 7.
7
Let t(q) be the second derivative of -q**3/3 + q**2/2 - q. Let k be t(4). Let m = 14 + k. What is the greatest common factor of m and 63?
7
Suppose -3*y = -7 - 17. Suppose -5*l + y = -7. Suppose -5*m = -4*m - l. Calculate the highest common factor of 3 and m.
3
Let c(g) = g**2 - 3*g - 2. Suppose -k - k + 8 = 0. Let y be c(k). Suppose -3*t + 2*t = -y. What is the highest common divisor of 16 and t?
2
Let x(i) = 9*i**2 - 3*i + 2. Let k be x(2). Suppose -2*r - 162 = -g - g, -165 = -2*g + 5*r. What is the greatest common factor of k and g?
16
Suppose 0 = 4*m - 63 - 133. Let w = -4 + m. What is the highest common divisor of 9 and w?
9
Let v = -13 + 21. Let x be ((-36)/16)/1*-32. Calculate the highest common divisor of v and x.
8
Suppose 0 = -3*n - 2*g + 250, 0*n + 2*n - g = 169. What is the highest common factor of n and 12?
12
Suppose -3*t + n + 48 = 0, 0*t - t = -5*n - 16. What is the greatest common factor of 8 and t?
8
Suppose -2*a + 4 = 2*a. Let v be (2 - 0)/(a/5). What is the highest common divisor of v and 40?
10
Suppose -4*h = 1 + 7. Let u(s) = -5*s**3 + s + 2. Let r be u(h). What is the highest common divisor of 10 and r?
10
Suppose 5*x - 3 = 4*x. Let r be x/(-6)*6 - -35. Suppose -r = -3*f + f. What is the greatest common divisor of 80 and f?
16
Suppose 0 = 4*f - 4 - 4. Suppose 4*l = -4*m + 20, m - f*l = -2*m + 25. What is the greatest common divisor of m and 56?
7
Let f be 7/((-42)/24) - -234. Calculate the greatest common divisor of 10 and f.
10
Suppose -2*g - 1 = -9. What is the highest common divisor of 20 and g?
4
Let z be (-1 + -8)/(((-15)/(-46))/(-5)). What is the greatest common divisor of z and 23?
23
Let h(j) be the second derivative of 0 + 2*j + 37/20*j**5 + 1/3*j**3 - 1/2*j**2 - 1/6*j**4. Let k be h(1). Calculate the greatest common factor of 12 and k.
12
Suppose 3*f = -2*f + 1765. Let m = -245 + f. What is the greatest common divisor of 12 and m?
12
Suppose -4*k + 3 = -125. Calculate the highest common factor of k and 352.
32
Suppose f = 19 + 77. Calculate the highest common factor of f and 16.
16
Let o be -4*(4/16)/(-1). Let t be (-2 - 1) + 10 - o. Calculate the highest common factor of 4 and t.
2
Let x(j) = 6*j - 2. Let y be x(8). What is the highest common factor of y and 69?
23
Let s(f) = -f**2 - 3*f + 4. Let d be s(-4). Let u = 2 + d. Suppose 3*z + 2*y - 13 = 0, 3*y = 5*z - 2*y + 20. Calculate the greatest common divisor of z and u.
1
Let i = 4 - 3. Let t be -3 - -2 - (i - 18). Let z be 72/(-5)*30/(-7 + 4). What is the highest common factor of z and t?
16
Let r = 35 - -5. Let i(z) = 4*z**2 - 2*z - 1. Let n be (2/6)/(2/(-6)). Let m be i(n). What is the highest common factor of m and r?
5
Let g = 30 - 27. Calculate the highest common factor of 3 and g.
3
Let w(a) = 2*a + 19. Let p be w(8). What is the greatest common factor of 14 and p?
7
Let g be 5/2*(-2 - -4). Let b = -2 + g. Let u be ((-54)/4)/(b/(-28)). Calculate the highest common divisor of u and 14.
14
Suppose -3 = i - 4*i. Suppose 0 = 5*j - 2 - 8. Calculate the greatest common factor of i and j.
1
Suppose 44*g - 42 = 41*g. Calculate the greatest common factor of g and 224.
14
Suppose 0*k = -2*k + 88. Let h be (-3)/4*48/(-9). Calculate the highest common divisor of h and k.
4
Suppose -2*g + 16 = 2*g. Suppose -g*w = -2*w - 12. Calculate the highest common factor of 18 and w.
6
Let c(u) = -u**3 - 4*u. Let x = -16 + 13. Let z be c(x). Calculate the highest common divisor of z and 13.
13
Suppose h = -2*f + 26, 3*f - h - 3*h = 28. Let t be 5*(0 - (-324)/15). What is the greatest common factor of t and f?
12
Let o be (39/2)/((-6)/(-8)). Calculate the highest common factor of 65 and o.
13
Let h(j) be the second derivative of 5*j**4/12 + 2*j**3/3 + j**2 - 4*j. Let g be h(-2). Calculate the greatest common factor of 42 and g.
14
Suppose -5*c + 84 = o, 7 = o - 5*c - 37. What is the greatest common factor of o and 48?
16
Let z = -14 + 23. Calculate the greatest common divisor of 3 and z.
3
Let w(h) = h**3 + 12*h**2 + 13*h + 12. Let y be w(-11). Let o = 19 + y. Let j be 205/o + (-4)/(-18). Calculate the greatest common divisor of 46 and j.
23
Suppose 4*m - 65 = 11. Suppose 3*l - m = -r + 2, 159 = 5*r - 3*l. Let o be 2/(-4)*-4 - -13. What is the greatest common divisor of o and r?
15
S